t z be x(3). Let g = z + -43190. Is g composite?
False
Let m be (2 + (-15)/9)/((-3)/(-36)). Let u be m/(3 + 399/(-135)). Is (362/(-4))/((-9)/u) prime?
False
Let t = -66493 + 109160. Is t prime?
True
Let q = -200336 + 450535. Is q prime?
True
Let z(g) = 10000*g + 15. Suppose 4*x - 16*j + 1 = -21*j, 1 = -j. Is z(x) a prime number?
False
Suppose 0 = 2*a + 4*r + 36260 + 3488, 3*a + 4*r = -59632. Let p = -13397 - a. Is p a composite number?
True
Suppose -3 - 8 = -11*z. Let h be (-1110 - 0)/((-4)/(5 - z)). Let y = h + 41. Is y composite?
False
Suppose 1149759 - 129979 = 20*l. Is l a composite number?
False
Suppose -8*f + 5*f - 5860 = -2*o, -4*f = o - 2919. Let v = o - 1672. Is v a prime number?
False
Suppose -2*o + o = u - 37, 5*o = 2*u - 88. Let n(q) = u*q - 105*q - 100*q - 23. Is n(-6) a composite number?
True
Suppose 5*a - 3*s = 1290679, -145*a + s + 1290663 = -140*a. Is a prime?
True
Let x = 786 + -785. Let k(b) = 55*b**2 - 3*b - 6*b**2 + 1 + 2*b + 242*b**2. Is k(x) a prime number?
False
Let i be (-2)/(-2)*-5 + 13. Suppose 87335 = i*l - 3*l. Is l a composite number?
False
Let q be 4/10 - 294/(-15). Is (-1058)/(-12) + q/24 a composite number?
False
Suppose 27*x - 22*x = 3*t - 174942, 0 = 5*t + 3*x - 291536. Is t composite?
False
Is (6 - 6279294/(-30)) + (-44)/55 a prime number?
False
Suppose -l = 3*l - 20. Suppose q - l*q + 7819 = f, -5*q - 3*f = -9765. Suppose 3*j - q = -4*d + 1297, 5*j - d = 5437. Is j a prime number?
True
Suppose -h - 5*d = -58192 + 5261, 4*h - 211838 = -d. Is h prime?
False
Let h(c) = -c**3 - 3*c**2 + 2. Let x be h(-3). Let r(o) be the first derivative of 119*o**4/4 - o**3/3 + 5*o**2/2 - 3*o - 500. Is r(x) a prime number?
False
Let u = -367507 - -535916. Is u composite?
False
Let k be -56*((-2212)/112 + (2 - 1)). Let g = -409 + k. Is g a prime number?
True
Let p = 82388 - 18285. Is p prime?
False
Suppose -12*a = 18*a - 60. Suppose a*d = -s + 1815, 910 = d + 8*s - 5*s. Is d a prime number?
True
Let l(s) be the first derivative of -s**4/4 - 13*s**3/3 - 21*s**2/2 + 15*s - 2. Let f be l(-11). Suppose y - 150 - 189 = -4*n, 0 = f*y + 2*n - 1286. Is y prime?
False
Is 17/(952/749640) - 8/(-14) a prime number?
False
Suppose -2*u + 27 = u - h, 4*u = -5*h + 17. Suppose -7*w = -u*w. Suppose w = -7*z + 3787 + 84. Is z a composite number?
True
Is (-132)/440 + (-714532)/(-40) a composite number?
False
Let z(r) = -433*r**2 + 21*r + 69. Let h(j) = -144*j**2 + 7*j + 23. Let n(f) = -11*h(f) + 4*z(f). Let g(w) be the first derivative of n(w). Is g(-4) prime?
False
Let r(j) = 491*j**3 + j**2 - j. Let v be (18/12)/((-6)/4). Let l = v - -2. Is r(l) a composite number?
False
Let i(c) = -c**2 - c + 6. Let z be i(-3). Let h(r) = r**2 + r + 877. Let m be h(z). Is m/(-2)*(-4)/2 prime?
True
Suppose -4496 = 113*j - 117*j. Suppose 2*i + j = 4150. Is i a composite number?
True
Let v = 6184 + -2834. Let l(g) = g**3 + 8*g**2 - 8*g + 26. Let r be l(-9). Suppose -r*z + 27*z - v = 0. Is z prime?
False
Let a(l) = 8002*l**3 + 20*l - 37. Is a(2) composite?
False
Suppose 14 - 86 = -8*q. Suppose -64673 = 2*s - q*s. Is s a composite number?
False
Is (((-6)/(-2))/(-3))/(-7*(-5)/(-3136595)) a prime number?
False
Suppose 0 = 6*i + 12*i + 115488. Let c(b) = -2121*b + 6. Let z be c(-5). Let m = i + z. Is m composite?
True
Suppose -389497 - 8331138 = -18*j + 2159051. Is j composite?
False
Let s be (-1 - 10/(-15)) + (-52)/(-3). Suppose 109 = -v - s. Is (-6)/63 - 143274/v composite?
True
Suppose 3*r - 1065873 = 9*w - 6*w, 3*r + w = 1065897. Is r a prime number?
True
Suppose 38 = 11*d + 8*d. Suppose -3*t + 3*u = t - 3832, -d*u = t - 958. Is t prime?
False
Suppose -4*o - x + 17 = 0, -4*o + 5 = 4*x - 15. Suppose -o*d + 0*d - 500 = -4*z, -2*z + 252 = -d. Is z prime?
True
Suppose 19*u - 277015 = -3*v + 21*u, -4*v = 3*u - 369376. Is v a composite number?
True
Let z(p) = p**3 - 39*p**2 + 39*p - 38. Let x be z(38). Suppose x = -8*d + 13*d - 91985. Is d a prime number?
True
Let i(d) = 604*d + 232. Let h be i(23). Let g = h - 10041. Is g composite?
True
Suppose -60*w + 90*w + 297559 = 49*w. Is w prime?
True
Suppose 0 = -5*n - 8*y + 3*y + 10, -5*y = 3*n + 4. Let g(b) = 23*b**2 - 12*b + 16. Is g(n) a composite number?
True
Let w = -201733 + 326372. Is w composite?
True
Let i = -797348 - -1603183. Is i a prime number?
False
Suppose 3*g = -3*h + 230924 + 266140, h + 1 = 0. Is g composite?
True
Suppose -5*f + 4*q = 2, 5 - 8 = -q. Suppose f*b + 1594 + 5837 = j, 4*b + 8 = 0. Is j prime?
False
Let n = 4303 - 3026. Is n prime?
True
Let f be (-64590)/60*(0 + -2). Let r = 7224 - f. Suppose 2*s = -3*n + r, -4*n - s + 6762 = s. Is n prime?
False
Suppose 6*g - 438695 - 280159 = 0. Is g a composite number?
False
Suppose 16*j + 1055 - 5039 = 0. Suppose 246*h + 55293 = j*h. Is h prime?
False
Let r(o) be the third derivative of -1195*o**4/24 + 3*o**3 + o**2 - 67*o. Is r(-4) composite?
True
Suppose -2*f + 569912 = -2*x, -2*f + x - 395914 + 965823 = 0. Is f a prime number?
False
Let u be (-10)/(-2)*(-6)/(-30)*-7. Let y(m) = -9*m**3 - 4*m**2 - 11*m - 21. Is y(u) composite?
True
Let y(o) = 324*o**3 + 2*o - 2. Suppose -7*t + 3 = -4*t. Let d be y(t). Suppose 5*p + d = 2*b, 0*b + 477 = 3*b - 3*p. Is b a prime number?
True
Let t = 517105 + -321744. Is t prime?
False
Let b = -14 - -16. Let s be 3/b - (-23)/(-2). Is (s/4)/((-3)/174) a composite number?
True
Let q = -285670 + 606701. Is q a prime number?
True
Let u be 60474 - ((12/1)/2 - 2). Suppose u = 7*w - 25553. Is w a composite number?
False
Suppose -4*a + 6*n = n - 41781, -5*n = a - 10439. Suppose 3162 = 2*m - a. Is m a prime number?
True
Let d(r) = -55*r**3 - 8*r**2 - 10*r - 48. Let b be d(-7). Let w = -1474 + b. Is w prime?
True
Let r(j) = 950*j**2 - 37*j + 45. Is r(-8) prime?
True
Suppose 0 = f + 2*k - 366009, -4*f = 3*k - 290030 - 1174001. Suppose -11*t + f = 30*t. Is t prime?
False
Suppose 90*n + 252*n - 11243530 = 3821228. Is n a prime number?
False
Suppose -4*q + 7*z - 2*z = 2221, -2*q - z - 1107 = 0. Let l = 4292 - q. Suppose -l = -4*k - 1010. Is k prime?
False
Suppose 28*v - 5*d = 31*v - 40388, 5*d = 5. Suppose 2466 - v = -3*n. Is n composite?
True
Let n(j) = -j**2 - 7*j + 78. Let l be n(-12). Is ((-4470)/9 - -3)/((-6)/l) a composite number?
False
Let d(i) = 117*i**3 - 2*i**2 - 7*i + 10. Let x be d(6). Suppose -4*s = 4*t - x, 13*s = 12*s + 2*t + 6277. Is s prime?
True
Suppose -4*y + 5*l - 101152 = 3*l, -5*l - 101166 = 4*y. Let q = y - -64072. Is q prime?
True
Let k be ((-28)/(-7) - 33/9)*15. Suppose 0*d = -k*d - 15. Is ((-2374)/d)/(4/6) composite?
False
Suppose -84*h + 8630883 = 69*h. Is h prime?
False
Suppose 0 = -5*v + 26 - 71. Let b be 20/(-12) + (-69)/v. Suppose -3*c - 4*w = -b*w - 1337, -5*c + w = -2233. Is c a prime number?
False
Let x(m) be the second derivative of -m**5/20 - 5*m**4/6 - 35*m**3/6 - 61*m**2/2 - 90*m. Is x(-26) a composite number?
True
Suppose 0 = 2*u - 7*k + 2*k - 7546, -2*u + 4*k = -7542. Let d = u - -348. Is d a prime number?
True
Let d(f) = -786*f**3 + f**2 - 43*f - 363. Is d(-7) prime?
False
Suppose j - 6*j - 4*a = -65, 3*j - 61 = 2*a. Let k = 15 - j. Is k/((-4)/886) - 0 a composite number?
False
Let o = -245 - -241. Is 2*(0/6 + (-422)/o) a composite number?
False
Suppose -5*f + 4*s = 19, 4*s - 13 = 4*f + 3. Let q be 1*f - ((-2 - 9) + 5). Is 1 + 93 + (q - 0) a prime number?
True
Suppose -12*l - 28182 = 10*l. Let y = 2168 + l. Is y a composite number?
False
Let v = 17917 - 9150. Is v prime?
False
Let s = -75 + 52. Let a(t) = -3*t**2 - 84*t + 26. Is a(s) a prime number?
False
Let u(a) = 46*a - 17. Let d = -38 - -34. Let h be u(d). Let o = -16 - h. Is o prime?
False
Let f(h) = 12*h**3 + 4*h**2 - 18*h - 13. Is f(14) a composite number?
True
Suppose -41*j = -363272 - 203225. Let g = 9372 + j. Is g a composite number?
False
Is 9055/3*(-6762)/(-490) a prime number?
False
Let g be (-6766)/(-10) - 36/(-90). Suppose -2*p + 3*p - 4 = 0, -2*h + 4*p = 944. Let k = g + h. Is k a composite number?
True
Let h(m) = -63*m**2 + 32*m - 5. Let n be h(13). Let u = n + 15902. Let g = u - 229. Is g a composite number?
False
Let d = -101 - -99. Is d/7 - (118180/(-70) + 9) a composite number?
True
Let y = 7893 - 1067. Suppose -5*n - y = -7*n. Is n composite?
False
Suppose -161*k + 10172414 = -24800260 - 3840884. Is k a composite number?
True
L